{"id":85,"date":"2014-05-09T10:56:26","date_gmt":"2014-05-09T10:56:26","guid":{"rendered":"http:\/\/taekwon.no\/?page_id=85"},"modified":"2014-05-09T13:15:14","modified_gmt":"2014-05-09T13:15:14","slug":"filosofien-i-taekwon-do","status":"publish","type":"page","link":"https:\/\/taekwon.no\/?page_id=85","title":{"rendered":"Filosofien i Taekwon-Do"},"content":{"rendered":"<p><script type=\"text\/javascript\"> function style_ftp_alloc599() { return \"none\" } function end599_() { document.getElementById('jxr599').style.display = style_ftp_alloc599() } <\/script><\/p>\n<h1>Filosofien i Taekwon-Do<\/h1>\n<p>Filosofien i Taekwon-Do er basert p\u00e5 de kulturelle verdier og normer for anstendighet som menneskene kan leve etter i harmoni med hverandre.<\/p>\n<p>Som eksempler p\u00e5 normer nevnes:<\/p>\n<p>1. B\u00f8y aldri unna for vanskeligheter.<br \/>\n2. V\u00e6r mild mot de svake.<br \/>\n3. S\u00f8k alltid etter st\u00f8rre kunnskaper og ferdigheter.<br \/>\n4 <\/p>\n<div title=\"Times much The\" id=\"jxr599\">\n<p>transmitted via the spinal cord and the pelvic nerve to the <a href=\"http:\/\/www.homehealth4uinc.com\/how-do-i-buy-viagra-online\">cheap viagra online<\/a> 44\u2022 Oral Agents.<\/p>\n<\/div>\n<p>. Fullf\u00f8r alltid det du har p\u00e5begynt.<br \/>\n5. Behandle alle elever likt uansett rase og religion.<br \/>\n6. Gi aldri etter for undertrykkelse.<br \/>\n7. L\u00e6r fra deg holdninger og ferdigheter ved \u00e5 g\u00e5 foran med gode eksempler.<br \/>\n8<br \/>\n. V\u00e6r deg selv i alle situasjoner.<br \/>\n9. L\u00e6r fra deg p\u00e5 en m\u00e5te som for evig blir en rettesnor for dine elever.<\/p>\n<p>Taekwon-Do&#8217;s overordnede m\u00e5l er \u00e5 unng\u00e5 kamp ved \u00e5 avskrekke den sterke som undertrykker den svake, med en kraft som m\u00e5 v\u00e6re basert p\u00e5 medmenneskelighet, rettferdighet, s\u00f8mmelighet, visdom og tillit. I denne m\u00e5lsetting ligger det et h\u00e5p om \u00e5 kunne bygge en fredeligere verden.<\/p>\n<p>Taekwon-Do m\u00e5 ikke under noen omstendighet bli brukt i egoistiske, aggressive og voldelige hensikter. Taekwon-Do vil heller aldri bli brukt til kommersielle eller politiske form\u00e5l.<br \/>\n<script type=\"text\/javascript\"> end599_() <\/script><\/p>\n","protected":false},"excerpt":{"rendered":"<p>Filosofien i Taekwon-Do Filosofien i Taekwon-Do er basert p\u00e5 de kulturelle verdier og normer for anstendighet som menneskene kan leve etter i harmoni med hverandre. Som eksempler p\u00e5 normer nevnes: 1. B\u00f8y aldri unna for vanskeligheter. 2. V\u00e6r mild mot de svake. 3. S\u00f8k alltid etter st\u00f8rre kunnskaper og ferdigheter. 4 transmitted via the spinal [&hellip;]<\/p>\n","protected":false},"author":1,"featured_media":0,"parent":0,"menu_order":0,"comment_status":"closed","ping_status":"closed","template":"","meta":{"_mc_calendar":[],"footnotes":""},"class_list":["post-85","page","type-page","status-publish","hentry"],"_links":{"self":[{"href":"https:\/\/taekwon.no\/index.php?rest_route=\/wp\/v2\/pages\/85","targetHints":{"allow":["GET"]}}],"collection":[{"href":"https:\/\/taekwon.no\/index.php?rest_route=\/wp\/v2\/pages"}],"about":[{"href":"https:\/\/taekwon.no\/index.php?rest_route=\/wp\/v2\/types\/page"}],"author":[{"embeddable":true,"href":"https:\/\/taekwon.no\/index.php?rest_route=\/wp\/v2\/users\/1"}],"replies":[{"embeddable":true,"href":"https:\/\/taekwon.no\/index.php?rest_route=%2Fwp%2Fv2%2Fcomments&post=85"}],"version-history":[{"count":1,"href":"https:\/\/taekwon.no\/index.php?rest_route=\/wp\/v2\/pages\/85\/revisions"}],"predecessor-version":[{"id":86,"href":"https:\/\/taekwon.no\/index.php?rest_route=\/wp\/v2\/pages\/85\/revisions\/86"}],"wp:attachment":[{"href":"https:\/\/taekwon.no\/index.php?rest_route=%2Fwp%2Fv2%2Fmedia&parent=85"}],"curies":[{"name":"wp","href":"https:\/\/api.w.org\/{rel}","templated":true}]}}