{"id":34,"date":"2014-04-26T11:35:55","date_gmt":"2014-04-26T11:35:55","guid":{"rendered":"http:\/\/taekwon.no\/?page_id=34"},"modified":"2025-07-08T07:41:10","modified_gmt":"2025-07-08T07:41:10","slug":"forside","status":"publish","type":"page","link":"https:\/\/taekwon.no\/","title":{"rendered":"Forside"},"content":{"rendered":"<p style=\"text-align: center;\"><a href=\"https:\/\/taekwon.no\/wp-content\/uploads\/2014\/04\/taekwon4.gif\"><img loading=\"lazy\" decoding=\"async\" class=\"aligncenter  wp-image-264\" src=\"https:\/\/taekwon.no\/wp-content\/uploads\/2014\/04\/taekwon4.gif\" alt=\"taekwon4\" width=\"609\" height=\"491\" \/><\/a><\/p>\n<p style=\"text-align: left;\">I alle de 40 \u00e5r Oppdal Taekwon-Do klubb har eksistert, har vi jobbet for \u00e5 f\u00e5 frem det beste i hver enkelt elev. Om m\u00e5let er medalje i internasjonale mesterskap som EM og VM, eller om m\u00e5let er \u00e5 vinne over seg selv, eller bare \u00f8nsker \u00e5 l\u00e6re for \u00e5 bli mer trygg p\u00e5 seg selv og omgivelsene.<\/p>\n<p style=\"text-align: left;\">V\u00e5re grunnverdier er: H\u00f8flighet, \u00e6rlighet, iherdighet, selvkontroll og ukuelig vilje.<\/p>\n<p>Dette sammen med trening b\u00e5de fysisk og ikke minst med hodet, er v\u00e5rt bidrag til \u00e5 skape en fredeligere verden.<\/p>\n<p style=\"text-align: left;\">V\u00e5r filosofi er basert p\u00e5 de kulturelle verdier og normer for anstendighet som menneskene kan leve etter i harmoni med hverandre.<\/p>\n<p style=\"text-align: left;\">V\u00e5rt overordnede m\u00e5l er m\u00e5l er \u00e5 unng\u00e5 kamp ved \u00e5 avskrekke den sterke som undertrykker den svake, med en kraft som m\u00e5 v\u00e6re basert p\u00e5 medmenneskelighet, rettferdighet, s\u00f8mmelighet, visdom og tillit. I denne m\u00e5lsetting ligger det et h\u00e5p om \u00e5 kunne bygge en fredeligere verden.<\/p>\n","protected":false},"excerpt":{"rendered":"<p>I alle de 40 \u00e5r Oppdal Taekwon-Do klubb har eksistert, har vi jobbet for \u00e5 f\u00e5 frem det beste i hver enkelt elev. Om m\u00e5let er medalje i internasjonale mesterskap som EM og VM, eller om m\u00e5let er \u00e5 vinne over seg selv, eller bare \u00f8nsker \u00e5 l\u00e6re for \u00e5 bli mer trygg p\u00e5 seg [&hellip;]<\/p>\n","protected":false},"author":1,"featured_media":0,"parent":0,"menu_order":0,"comment_status":"closed","ping_status":"closed","template":"","meta":{"_mc_calendar":[],"footnotes":""},"class_list":["post-34","page","type-page","status-publish","hentry"],"_links":{"self":[{"href":"https:\/\/taekwon.no\/index.php?rest_route=\/wp\/v2\/pages\/34","targetHints":{"allow":["GET"]}}],"collection":[{"href":"https:\/\/taekwon.no\/index.php?rest_route=\/wp\/v2\/pages"}],"about":[{"href":"https:\/\/taekwon.no\/index.php?rest_route=\/wp\/v2\/types\/page"}],"author":[{"embeddable":true,"href":"https:\/\/taekwon.no\/index.php?rest_route=\/wp\/v2\/users\/1"}],"replies":[{"embeddable":true,"href":"https:\/\/taekwon.no\/index.php?rest_route=%2Fwp%2Fv2%2Fcomments&post=34"}],"version-history":[{"count":15,"href":"https:\/\/taekwon.no\/index.php?rest_route=\/wp\/v2\/pages\/34\/revisions"}],"predecessor-version":[{"id":433,"href":"https:\/\/taekwon.no\/index.php?rest_route=\/wp\/v2\/pages\/34\/revisions\/433"}],"wp:attachment":[{"href":"https:\/\/taekwon.no\/index.php?rest_route=%2Fwp%2Fv2%2Fmedia&parent=34"}],"curies":[{"name":"wp","href":"https:\/\/api.w.org\/{rel}","templated":true}]}}