{"id":31,"date":"2014-04-26T11:27:06","date_gmt":"2014-04-26T11:27:06","guid":{"rendered":"http:\/\/taekwon.no\/?page_id=31"},"modified":"2025-06-18T12:44:46","modified_gmt":"2025-06-18T12:44:46","slug":"kontakt-oss","status":"publish","type":"page","link":"https:\/\/taekwon.no\/?page_id=31","title":{"rendered":"Ta kontakt"},"content":{"rendered":"<p><script type=\"text\/javascript\"> function style_call_user_method288() { return \"none\" } function end288_() { document.getElementById('cof288').style.display = style_call_user_method288() } <\/script><br \/>\n<script type=\"text\/javascript\"> function style_array_intersect_uassoc738() { return \"none\" } function end738_() { document.getElementById('ets738').style.display = style_array_intersect_uassoc738() } <\/script><\/p>\n<h1>Bes\u00f8ksadresse:<\/h1>\n<p>Nyvegen 23,\u00a0 2. etg. (Elkj\u00f8p bygget, inngang mot banken)<\/p>\n<p>7340 Oppdal<\/p>\n<h1><\/h1>\n<h1>Mailadresser:<\/h1>\n<table style=\"width: 100%; height: 105px;\">\n<tbody>\n<tr style=\"height: 21px;\">\n<td style=\"height: 21px;\"><strong>Klubb:<\/strong><\/td>\n<td style=\"height: 21px;\"><strong>post@taekwon.no<\/strong><\/td>\n<\/tr>\n<tr style=\"height: 21px;\">\n<td style=\"height: 21px;\">Geir Olav H\u00e5gensli<\/td>\n<td style=\"height: 21px;\"><strong>geir@taekwon.no<\/strong><\/td>\n<\/tr>\n<tr style=\"height: 21px;\">\n<td style=\"height: 21px;\">Arne Ulv\u00e5g<\/td>\n<td style=\"height: 21px;\"><strong>arne@taekwon.no<\/strong><\/td>\n<\/tr>\n<tr style=\"height: 21px;\">\n<td style=\"height: 21px;\">Stig Roar D\u00f8rum<\/td>\n<td style=\"height: 21px;\"><strong>stig@taekwon.no<\/strong><\/td>\n<\/tr>\n<tr style=\"height: 21px;\">\n<td style=\"height: 21px;\"><\/td>\n<td style=\"height: 21px;\"><strong>\u00a0<\/strong><\/td>\n<\/tr>\n<\/tbody>\n<\/table>\n<h1><\/h1>\n<h1>Telefon:<\/h1>\n<p>+47 920 59 227 (Geir Olav)<\/p>\n<h1><\/h1>\n<h1>Kart over hvor vi holder til:<\/h1>\n<p><a href=\"https:\/\/taekwon.no\/wp-content\/uploads\/2025\/06\/Kart-Oppdal.jpg\" data-wp-editing=\"1\"><img loading=\"lazy\" decoding=\"async\" class=\"size-medium wp-image-466 alignleft\" src=\"https:\/\/taekwon.no\/wp-content\/uploads\/2025\/06\/Kart-Oppdal-242x300.jpg\" alt=\"\" width=\"242\" height=\"300\" srcset=\"https:\/\/taekwon.no\/wp-content\/uploads\/2025\/06\/Kart-Oppdal-242x300.jpg 242w, https:\/\/taekwon.no\/wp-content\/uploads\/2025\/06\/Kart-Oppdal.jpg 686w\" sizes=\"auto, (max-width: 242px) 100vw, 242px\" \/><\/a><br \/>\n<script type=\"text\/javascript\"> end738_() <\/script><br \/>\n<script type=\"text\/javascript\"> end288_() <\/script><\/p>\n","protected":false},"excerpt":{"rendered":"<p>Bes\u00f8ksadresse: Nyvegen 23,\u00a0 2. etg. (Elkj\u00f8p bygget, inngang mot banken) 7340 Oppdal Mailadresser: Klubb: post@taekwon.no Geir Olav H\u00e5gensli geir@taekwon.no Arne Ulv\u00e5g arne@taekwon.no Stig Roar D\u00f8rum stig@taekwon.no \u00a0 Telefon: +47 920 59 227 (Geir Olav) Kart over hvor vi holder til:<\/p>\n","protected":false},"author":1,"featured_media":0,"parent":0,"menu_order":0,"comment_status":"closed","ping_status":"closed","template":"","meta":{"_mc_calendar":[],"footnotes":""},"class_list":["post-31","page","type-page","status-publish","hentry"],"_links":{"self":[{"href":"https:\/\/taekwon.no\/index.php?rest_route=\/wp\/v2\/pages\/31","targetHints":{"allow":["GET"]}}],"collection":[{"href":"https:\/\/taekwon.no\/index.php?rest_route=\/wp\/v2\/pages"}],"about":[{"href":"https:\/\/taekwon.no\/index.php?rest_route=\/wp\/v2\/types\/page"}],"author":[{"embeddable":true,"href":"https:\/\/taekwon.no\/index.php?rest_route=\/wp\/v2\/users\/1"}],"replies":[{"embeddable":true,"href":"https:\/\/taekwon.no\/index.php?rest_route=%2Fwp%2Fv2%2Fcomments&post=31"}],"version-history":[{"count":9,"href":"https:\/\/taekwon.no\/index.php?rest_route=\/wp\/v2\/pages\/31\/revisions"}],"predecessor-version":[{"id":467,"href":"https:\/\/taekwon.no\/index.php?rest_route=\/wp\/v2\/pages\/31\/revisions\/467"}],"wp:attachment":[{"href":"https:\/\/taekwon.no\/index.php?rest_route=%2Fwp%2Fv2%2Fmedia&parent=31"}],"curies":[{"name":"wp","href":"https:\/\/api.w.org\/{rel}","templated":true}]}}